{"id":58,"date":"2021-05-05T02:38:50","date_gmt":"2021-05-05T00:38:50","guid":{"rendered":"http:\/\/chambru.cluster030.hosting.ovh.net\/?page_id=58"},"modified":"2024-05-20T21:47:03","modified_gmt":"2024-05-20T19:47:03","slug":"petit-studio-haussmannien","status":"publish","type":"page","link":"https:\/\/chambreliberte.com\/index.php\/petit-studio-haussmannien\/","title":{"rendered":"Petit Studio Haussmannien"},"content":{"rendered":"\n<p>Petit studio haussmannien ind\u00e9pendant du Libert\u00e9 avec sa cuisine, sa salle de bain et ses toilettes \u00e0 l&rsquo;ext\u00e9rieur de la pi\u00e8ce, 5\u00e8me \u00e9tage sans ascenseur.<\/p>\n\n\n\n<figure class=\"wp-block-gallery alignwide has-nested-images columns-default is-cropped wp-block-gallery-1 is-layout-flex wp-block-gallery-is-layout-flex\">\n<figure class=\"wp-block-image size-large\"><img decoding=\"async\" loading=\"lazy\" width=\"675\" height=\"900\" data-id=\"512\" src=\"https:\/\/i0.wp.com\/chambreliberte.com\/wp-content\/uploads\/2024\/05\/Lit-1-1.jpg?resize=675%2C900&#038;ssl=1\" alt=\"\" class=\"wp-image-512\" srcset=\"https:\/\/i0.wp.com\/chambreliberte.com\/wp-content\/uploads\/2024\/05\/Lit-1-1.jpg?w=675&amp;ssl=1 675w, https:\/\/i0.wp.com\/chambreliberte.com\/wp-content\/uploads\/2024\/05\/Lit-1-1.jpg?resize=225%2C300&amp;ssl=1 225w\" sizes=\"(max-width: 675px) 100vw, 675px\" data-recalc-dims=\"1\" \/><\/figure>\n\n\n\n<figure class=\"wp-block-image size-large\"><img decoding=\"async\" loading=\"lazy\" width=\"675\" height=\"900\" data-id=\"456\" src=\"https:\/\/i2.wp.com\/chambreliberte.com\/wp-content\/uploads\/2022\/11\/CUISINE-1.jpg?resize=675%2C900&#038;ssl=1\" alt=\"\" class=\"wp-image-456\" srcset=\"https:\/\/i2.wp.com\/chambreliberte.com\/wp-content\/uploads\/2022\/11\/CUISINE-1.jpg?w=675&amp;ssl=1 675w, https:\/\/i2.wp.com\/chambreliberte.com\/wp-content\/uploads\/2022\/11\/CUISINE-1.jpg?resize=225%2C300&amp;ssl=1 225w\" sizes=\"(max-width: 675px) 100vw, 675px\" data-recalc-dims=\"1\" \/><\/figure>\n<\/figure>\n\n\n\n<div class=\"wp-block-group alignfull is-layout-flow wp-block-group-is-layout-flow\"><div class=\"wp-block-group__inner-container\">\n<div class=\"wp-block-group alignfull is-layout-flow wp-block-group-is-layout-flow\"><div class=\"wp-block-group__inner-container\">\n<h2 class=\"wp-block-heading has-text-align-center\">\u00c9quipements du studio<\/h2>\n\n\n\n<div class=\"wp-block-columns alignwide tw-gutter-large is-layout-flex wp-container-6 wp-block-columns-is-layout-flex\">\n<div class=\"wp-block-column is-layout-flow wp-block-column-is-layout-flow\">\n<ul class=\"is-style-tw-border-inner\">\n<li>Petite cuisine<\/li>\n\n\n\n<li>Micro-onde<\/li>\n\n\n\n<li>N\u00e9cessaire de cuisine<\/li>\n\n\n\n<li>Salle de bain<\/li>\n<\/ul>\n<\/div>\n\n\n\n<div class=\"wp-block-column is-layout-flow wp-block-column-is-layout-flow\">\n<ul class=\"is-style-tw-border-inner\">\n<li>S\u00e8che cheveux<\/li>\n\n\n\n<li>Serviettes<\/li>\n\n\n\n<li>Gel douche<\/li>\n<\/ul>\n<\/div>\n\n\n\n<div class=\"wp-block-column is-layout-flow wp-block-column-is-layout-flow\">\n<ul class=\"is-style-tw-border-inner\">\n<li>Wifi<\/li>\n\n\n\n<li>Animaux accept\u00e9s<\/li>\n\n\n\n<li>Petit d\u00e9jeuner inclus<\/li>\n<\/ul>\n<\/div>\n<\/div>\n<\/div><\/div>\n<\/div><\/div>\n\n\n\n<h2 class=\"wp-block-heading\">R\u00e9servation<\/h2>\n\n\n\n<div class=\"wp-block-abc-shortcodes-single-calendar\">\n\t\t\t\t<div class=\"abc-singlecalendar\" data-checkin-69ddd77938b8f=\"0\" data-offset-69ddd77938b8f=\"0\" data-month-69ddd77938b8f=\"0\" id=\"abc_singlecalendar_69ddd77938b8f\">\n\t\t\t\t\t<div class=\"abc-box abc-single-row\">\n\t\t\t\t\t\t<div data-calendar=\"3\" data-id=\"69ddd77938b8f\" class=\"abc-box abc-button abc-single-button-left\">\n\t\t\t\t\t\t\t<button class=\"fa fa-chevron-left abc-button-rl\"><\/button>\n\t\t\t\t\t\t<\/div>\n\t\t\t\t\t\t<div class=\"abc-box abc-month\">\n\t\t\t\t\t\t\t<img alt=\"\u00c7a charge...\" src=\"https:\/\/i2.wp.com\/chambreliberte.com\/wp-admin\/images\/wpspin_light.gif?w=750&#038;ssl=1\" class=\"waiting\" id=\"abc_single_loading-69ddd77938b8f\" style=\"display:none\" data-recalc-dims=\"1\" \/><span id=\"singlecalendar-month-69ddd77938b8f\">avril 2026<\/span><\/div>\n\t\t\t\t\t\t\t<div data-calendar=\"3\" data-id=\"69ddd77938b8f\" class=\"abc-box abc-button abc-single-button-right\">\n\t\t\t\t\t\t\t\t<button class=\"fa fa-chevron-right abc-button-rl\"><\/button>\n\t\t\t\t\t\t<\/div>\n\t\t\t\t\t<\/div>\n\t\t\t\t\t<div class=\"abc-box abc-single-row\">\n\t\t\t\t\t<div class=\"abc-box abc-col-day abc-dayname\">Lun<\/div>\n\t\t\t\t\t<div class=\"abc-box abc-col-day abc-dayname abc-dotted\">Mar<\/div>\n\t\t\t\t\t<div class=\"abc-box abc-col-day abc-dayname abc-dotted\">Mer<\/div>\n\t\t\t\t\t<div class=\"abc-box abc-col-day abc-dayname abc-dotted\">Jeu<\/div>\n\t\t\t\t\t<div class=\"abc-box abc-col-day abc-dayname abc-dotted\">Ven<\/div>\n\t\t\t\t\t<div class=\"abc-box abc-col-day abc-dayname abc-dotted\">Sam<\/div>\n\t\t\t\t\t<div class=\"abc-box abc-col-day abc-dayname abc-dotted\">Dim<\/div>\n\t\t\t\t\t<\/div>\n\t\t\t\t\t<div id=\"abc-calendar-days-69ddd77938b8f\">\n\t\t\t\t\t\t<div class=\"abc-box abc-single-row\"><div class=\"abc-box abc-col-day \">&nbsp;<\/div><div class=\"abc-box abc-col-day abc-dotted \">&nbsp;<\/div><div title=\"\" data-calendar=\"3\" data-id=\"69ddd77938b8f\" data-date=\"2026-04-01\" class=\"abc-box abc-col-day abc-dotted abc-past abc-date-item \" id=\"abc-day-69ddd77938b8f2026-04-01\">1<br \/><span class=\"abc-single-price\"><\/span><\/div><div title=\"\" data-calendar=\"3\" data-id=\"69ddd77938b8f\" data-date=\"2026-04-02\" class=\"abc-box abc-col-day abc-dotted abc-past abc-date-item \" id=\"abc-day-69ddd77938b8f2026-04-02\">2<br \/><span class=\"abc-single-price\"><\/span><\/div><div title=\"\" data-calendar=\"3\" data-id=\"69ddd77938b8f\" data-date=\"2026-04-03\" class=\"abc-box abc-col-day abc-dotted abc-past abc-date-item \" id=\"abc-day-69ddd77938b8f2026-04-03\">3<br \/><span class=\"abc-single-price\"><\/span><\/div><div title=\"\" data-calendar=\"3\" data-id=\"69ddd77938b8f\" data-date=\"2026-04-04\" class=\"abc-box abc-col-day abc-dotted abc-past abc-date-item \" id=\"abc-day-69ddd77938b8f2026-04-04\">4<br \/><span class=\"abc-single-price\"><\/span><\/div><div title=\"\" data-calendar=\"3\" data-id=\"69ddd77938b8f\" data-date=\"2026-04-05\" class=\"abc-box abc-col-day abc-dotted abc-past abc-date-item \" id=\"abc-day-69ddd77938b8f2026-04-05\">5<br \/><span class=\"abc-single-price\"><\/span><\/div><\/div><div class=\"abc-box abc-single-row\"><div title=\"\" data-calendar=\"3\" data-id=\"69ddd77938b8f\" data-date=\"2026-04-06\" class=\"abc-box abc-col-day abc-past abc-date-item \" id=\"abc-day-69ddd77938b8f2026-04-06\">6<br \/><span class=\"abc-single-price\"><\/span><\/div><div title=\"\" data-calendar=\"3\" data-id=\"69ddd77938b8f\" data-date=\"2026-04-07\" class=\"abc-box abc-col-day abc-dotted abc-past abc-date-item \" id=\"abc-day-69ddd77938b8f2026-04-07\">7<br \/><span class=\"abc-single-price\"><\/span><\/div><div title=\"\" data-calendar=\"3\" data-id=\"69ddd77938b8f\" data-date=\"2026-04-08\" class=\"abc-box abc-col-day abc-dotted abc-past abc-date-item \" id=\"abc-day-69ddd77938b8f2026-04-08\">8<br \/><span class=\"abc-single-price\"><\/span><\/div><div title=\"\" data-calendar=\"3\" data-id=\"69ddd77938b8f\" data-date=\"2026-04-09\" class=\"abc-box abc-col-day abc-dotted abc-past abc-date-item \" id=\"abc-day-69ddd77938b8f2026-04-09\">9<br \/><span class=\"abc-single-price\"><\/span><\/div><div title=\"\" data-calendar=\"3\" data-id=\"69ddd77938b8f\" data-date=\"2026-04-10\" class=\"abc-box abc-col-day abc-dotted abc-past abc-date-item \" id=\"abc-day-69ddd77938b8f2026-04-10\">10<br \/><span class=\"abc-single-price\"><\/span><\/div><div title=\"\" data-calendar=\"3\" data-id=\"69ddd77938b8f\" data-date=\"2026-04-11\" class=\"abc-box abc-col-day abc-dotted abc-past abc-date-item \" id=\"abc-day-69ddd77938b8f2026-04-11\">11<br \/><span class=\"abc-single-price\"><\/span><\/div><div title=\"\" data-calendar=\"3\" data-id=\"69ddd77938b8f\" data-date=\"2026-04-12\" class=\"abc-box abc-col-day abc-dotted abc-past abc-date-item \" id=\"abc-day-69ddd77938b8f2026-04-12\">12<br \/><span class=\"abc-single-price\"><\/span><\/div><\/div><div class=\"abc-box abc-single-row\"><div title=\"\" data-calendar=\"3\" data-id=\"69ddd77938b8f\" data-date=\"2026-04-13\" class=\"abc-box abc-col-day abc-past abc-date-item \" id=\"abc-day-69ddd77938b8f2026-04-13\">13<br \/><span class=\"abc-single-price\"><\/span><\/div><div title=\"Available:\n14\/04\/2026: 60 \u20ac\" data-calendar=\"3\" data-id=\"69ddd77938b8f\" data-date=\"2026-04-14\" class=\"abc-box abc-col-day abc-dotted abc-avail abc-date-selector abc-date-item \" id=\"abc-day-69ddd77938b8f2026-04-14\">14<br \/><span class=\"abc-single-price\">60 \u20ac<\/span><\/div><div title=\"Available:\n15\/04\/2026: 60 \u20ac\" data-calendar=\"3\" data-id=\"69ddd77938b8f\" data-date=\"2026-04-15\" class=\"abc-box abc-col-day abc-dotted abc-avail abc-date-selector abc-date-item \" id=\"abc-day-69ddd77938b8f2026-04-15\">15<br \/><span class=\"abc-single-price\">60 \u20ac<\/span><\/div><div title=\"Available:\n16\/04\/2026: 60 \u20ac\" data-calendar=\"3\" data-id=\"69ddd77938b8f\" data-date=\"2026-04-16\" class=\"abc-box abc-col-day abc-dotted abc-avail abc-date-selector abc-date-item \" id=\"abc-day-69ddd77938b8f2026-04-16\">16<br \/><span class=\"abc-single-price\">60 \u20ac<\/span><\/div><div title=\"Available:\n17\/04\/2026: 60 \u20ac\" data-calendar=\"3\" data-id=\"69ddd77938b8f\" data-date=\"2026-04-17\" class=\"abc-box abc-col-day abc-dotted abc-avail abc-date-selector abc-date-item \" id=\"abc-day-69ddd77938b8f2026-04-17\">17<br \/><span class=\"abc-single-price\">60 \u20ac<\/span><\/div><div title=\"Available:\n18\/04\/2026: 60 \u20ac\" data-calendar=\"3\" data-id=\"69ddd77938b8f\" data-date=\"2026-04-18\" class=\"abc-box abc-col-day abc-dotted abc-avail abc-date-selector abc-date-item \" id=\"abc-day-69ddd77938b8f2026-04-18\">18<br \/><span class=\"abc-single-price\">60 \u20ac<\/span><\/div><div title=\"Available:\n19\/04\/2026: 60 \u20ac\" data-calendar=\"3\" data-id=\"69ddd77938b8f\" data-date=\"2026-04-19\" class=\"abc-box abc-col-day abc-dotted abc-avail abc-date-selector abc-date-item \" id=\"abc-day-69ddd77938b8f2026-04-19\">19<br \/><span class=\"abc-single-price\">60 \u20ac<\/span><\/div><\/div><div class=\"abc-box abc-single-row\"><div title=\"Available:\n20\/04\/2026: 60 \u20ac\" data-calendar=\"3\" data-id=\"69ddd77938b8f\" data-date=\"2026-04-20\" class=\"abc-box abc-col-day abc-avail abc-date-selector abc-date-item \" id=\"abc-day-69ddd77938b8f2026-04-20\">20<br \/><span class=\"abc-single-price\">60 \u20ac<\/span><\/div><div title=\"Available:\n21\/04\/2026: 60 \u20ac\" data-calendar=\"3\" data-id=\"69ddd77938b8f\" data-date=\"2026-04-21\" class=\"abc-box abc-col-day abc-dotted abc-avail abc-date-selector abc-date-item \" id=\"abc-day-69ddd77938b8f2026-04-21\">21<br \/><span class=\"abc-single-price\">60 \u20ac<\/span><\/div><div title=\"Available:\n22\/04\/2026: 60 \u20ac\" data-calendar=\"3\" data-id=\"69ddd77938b8f\" data-date=\"2026-04-22\" class=\"abc-box abc-col-day abc-dotted abc-avail abc-date-selector abc-date-item \" id=\"abc-day-69ddd77938b8f2026-04-22\">22<br \/><span class=\"abc-single-price\">60 \u20ac<\/span><\/div><div title=\"Available:\n23\/04\/2026: 60 \u20ac\" data-calendar=\"3\" data-id=\"69ddd77938b8f\" data-date=\"2026-04-23\" class=\"abc-box abc-col-day abc-dotted abc-avail abc-date-selector abc-date-item \" id=\"abc-day-69ddd77938b8f2026-04-23\">23<br \/><span class=\"abc-single-price\">60 \u20ac<\/span><\/div><div title=\"Available:\n24\/04\/2026: 60 \u20ac\" data-calendar=\"3\" data-id=\"69ddd77938b8f\" data-date=\"2026-04-24\" class=\"abc-box abc-col-day abc-dotted abc-avail abc-date-selector abc-date-item \" id=\"abc-day-69ddd77938b8f2026-04-24\">24<br \/><span class=\"abc-single-price\">60 \u20ac<\/span><\/div><div title=\"Available:\n25\/04\/2026: 60 \u20ac\" data-calendar=\"3\" data-id=\"69ddd77938b8f\" data-date=\"2026-04-25\" class=\"abc-box abc-col-day abc-dotted abc-avail abc-date-selector abc-date-item \" id=\"abc-day-69ddd77938b8f2026-04-25\">25<br \/><span class=\"abc-single-price\">60 \u20ac<\/span><\/div><div title=\"Available:\n26\/04\/2026: 60 \u20ac\" data-calendar=\"3\" data-id=\"69ddd77938b8f\" data-date=\"2026-04-26\" class=\"abc-box abc-col-day abc-dotted abc-avail abc-date-selector abc-date-item \" id=\"abc-day-69ddd77938b8f2026-04-26\">26<br \/><span class=\"abc-single-price\">60 \u20ac<\/span><\/div><\/div><div class=\"abc-box abc-single-row\"><div title=\"Available:\n27\/04\/2026: 60 \u20ac\" data-calendar=\"3\" data-id=\"69ddd77938b8f\" data-date=\"2026-04-27\" class=\"abc-box abc-col-day abc-avail abc-date-selector abc-date-item \" id=\"abc-day-69ddd77938b8f2026-04-27\">27<br \/><span class=\"abc-single-price\">60 \u20ac<\/span><\/div><div title=\"Available:\n28\/04\/2026: 60 \u20ac\" data-calendar=\"3\" data-id=\"69ddd77938b8f\" data-date=\"2026-04-28\" class=\"abc-box abc-col-day abc-dotted abc-avail abc-date-selector abc-date-item \" id=\"abc-day-69ddd77938b8f2026-04-28\">28<br \/><span class=\"abc-single-price\">60 \u20ac<\/span><\/div><div title=\"Available:\n29\/04\/2026: 60 \u20ac\" data-calendar=\"3\" data-id=\"69ddd77938b8f\" data-date=\"2026-04-29\" class=\"abc-box abc-col-day abc-dotted abc-avail abc-date-selector abc-date-item \" id=\"abc-day-69ddd77938b8f2026-04-29\">29<br \/><span class=\"abc-single-price\">60 \u20ac<\/span><\/div><div title=\"Available:\n30\/04\/2026: 60 \u20ac\" data-calendar=\"3\" data-id=\"69ddd77938b8f\" data-date=\"2026-04-30\" class=\"abc-box abc-col-day abc-dotted abc-avail abc-date-selector abc-date-item \" id=\"abc-day-69ddd77938b8f2026-04-30\">30<br \/><span class=\"abc-single-price\">60 \u20ac<\/span><\/div><\/div>\n\t\t\t\t\t<\/div><div class=\"abc-single-legend\">\n\t\t\t\t\t\t\t\t\t\t\t<span class=\"fa fa-square-o abc-single-legend-available\"><\/span>\n\t\t\t\t\t\t\t\t\t\t\tAvailable<span class=\"fa fa-square abc-single-legend-fully\"><\/span>\n\t\t\t\t\t\t\t\t\t\tFully booked\n\t\t\t\t\t\t\t\t\t\t<\/div><div id=\"abc-booking-69ddd77938b8f\" class=\"abc-booking-selection\">\n\t\t\t\t\t<\/div>\n\t\t\t\t<\/div><\/div>\n\n\n\n<div class=\"wp-block-buttons is-horizontal is-content-justification-center is-layout-flex wp-container-9 wp-block-buttons-is-layout-flex\">\n<div class=\"wp-block-button\"><a class=\"wp-block-button__link wp-element-button\" href=\"https:\/\/chambreliberte.com\/index.php\/reservation-petit-studio\/\" style=\"border-radius:50px\">R\u00c9SERVER<\/a><\/div>\n<\/div>\n\n\n\n<p>Pour r\u00e9server vous avez 2 options sur le site internet avec PayPal ou par t\u00e9l\u00e9phone au 07 60 19 63 24 (un lien vous sera envoy\u00e9).<\/p>\n\n\n\n<div class=\"wp-block-group alignfull is-layout-flow wp-block-group-is-layout-flow\"><div class=\"wp-block-group__inner-container\">\n<h2 class=\"wp-block-heading has-text-align-center\">Tarif<\/h2>\n\n\n\n<div class=\"wp-block-columns tw-cols-card tw-cols-card-shadow is-layout-flex wp-container-11 wp-block-columns-is-layout-flex\">\n<div class=\"wp-block-column is-layout-flow wp-block-column-is-layout-flow\">\n<h3 class=\"wp-block-heading tw-mb-2 has-medium-font-size\"><\/h3>\n\n\n\n<p style=\"font-size:42px;line-height:1.2\"><strong>75<\/strong>\u20ac par nuit<\/p>\n\n\n\n<p>75\u20ac par nuit. Petit d\u00e9jeuner compris dans le prix.<\/p>\n\n\n\n<p>Toutes taxes comprises<\/p>\n<\/div>\n<\/div>\n<\/div><\/div>\n\n\n\n<div style=\"height:150px\" aria-hidden=\"true\" class=\"wp-block-spacer\"><\/div>\n\n\n\n<hr class=\"wp-block-separator has-css-opacity\"\/>\n\n\n<dl class=\"jetpack-business-hours \"><div class=\"jetpack-business-hours__item\"><dt class=\"Mon\">Lundi<\/dt><dd class=\"Mon\">19h30 &#8211; 0h00<\/dd><\/div><div class=\"jetpack-business-hours__item\"><dt class=\"Tue\">Mardi<\/dt><dd class=\"Tue\">19h30 &#8211; 0h00<\/dd><\/div><div class=\"jetpack-business-hours__item\"><dt class=\"Wed\">Mercredi<\/dt><dd class=\"Wed\">19h30 &#8211; 0h00<\/dd><\/div><div class=\"jetpack-business-hours__item\"><dt class=\"Thu\">Jeudi<\/dt><dd class=\"Thu\">19h30 &#8211; 0h00<\/dd><\/div><div class=\"jetpack-business-hours__item\"><dt class=\"Fri\">Vendredi<\/dt><dd class=\"Fri\">19h30 &#8211; 0h00<\/dd><\/div><div class=\"jetpack-business-hours__item\"><dt class=\"Sat\">Samedi<\/dt><dd class=\"Sat\">19h30 &#8211; 0h00<\/dd><\/div><div class=\"jetpack-business-hours__item\"><dt class=\"Sun\">Dimanche<\/dt><dd class=\"Sun\">19h30 &#8211; 0h00<\/dd><\/div><\/dl>\n\n\n<hr class=\"wp-block-separator has-css-opacity\"\/>\n\n\n\n<div style=\"height:195px\" aria-hidden=\"true\" class=\"wp-block-spacer\"><\/div>\n\n\n<div class=\"wp-block-image is-resized\">\n<figure class=\"aligncenter size-large\"><img decoding=\"async\" src=\"https:\/\/i2.wp.com\/chambreliberte.com\/wp-content\/uploads\/2021\/05\/PAIEMENT-S\u00c9CURIQ\u00c9-8.png?w=750\" alt=\"\" class=\"wp-image-187\" data-recalc-dims=\"1\"\/><figcaption class=\"wp-element-caption\"><strong>Paiement<\/strong><br><strong>Paypal s\u00e9curis\u00e9<\/strong><\/figcaption><\/figure><\/div>\n\n\n<p class=\"has-text-align-center\"><a rel=\"noreferrer noopener\" href=\"https:\/\/www.google.com\/maps\/search\/7+Boulevard%20de%20la%20Libert%C3%A9,+Bouches-du-Rh%C3%B4ne,+13001+Marseille,%20France\" data-type=\"URL\" data-id=\"https:\/\/www.google.com\/maps\/search\/7+Boulevard%20de%20la%20Libert%C3%A9,+Bouches-du-Rh%C3%B4ne,+13001+Marseille,%20France\" target=\"_blank\"><strong>7, boulevard de la Libert\u00e9<br>13001 Marseille<\/strong><\/a><\/p>\n\n\n\n<p class=\"has-text-align-center\"><strong><a href=\"mailto:chambreliberte@yahoo.com\">chambreliberte@yahoo.com<\/a><br><a href=\"tel:0760196324\">0760196324<\/a><\/strong><\/p>\n","protected":false},"excerpt":{"rendered":"<p>Petit studio haussmannien ind\u00e9pendant du Libert\u00e9 avec sa cuisine, sa salle de bain et ses toilettes \u00e0 l&rsquo;ext\u00e9rieur de la pi\u00e8ce, 5\u00e8me \u00e9tage sans ascenseur. \u00c9quipements du studio R\u00e9servation Pour r\u00e9server vous avez 2 options sur le site internet avec PayPal ou par t\u00e9l\u00e9phone au 07 60 19 63 24 (un lien vous sera envoy\u00e9).&hellip; <a class=\"more-link\" href=\"https:\/\/chambreliberte.com\/index.php\/petit-studio-haussmannien\/\">Poursuivre la lecture <span class=\"screen-reader-text\">Petit Studio Haussmannien<\/span><\/a><\/p>\n","protected":false},"author":1,"featured_media":0,"parent":0,"menu_order":0,"comment_status":"closed","ping_status":"closed","template":"","meta":{"spay_email":"","footnotes":""},"jetpack-related-posts":[{"id":292,"url":"https:\/\/chambreliberte.com\/index.php\/reservation-petit-studio\/","url_meta":{"origin":58,"position":0},"title":"R\u00e9servation Petit Studio","date":"12 juin 2021","format":false,"excerpt":"","rel":"","context":"Article similaire","img":{"alt_text":"","src":"","width":0,"height":0},"classes":[]},{"id":5,"url":"https:\/\/chambreliberte.com\/","url_meta":{"origin":58,"position":1},"title":"PAGE D&rsquo;ACCUEIL","date":"5 mai 2021","format":false,"excerpt":"Welcome Libert\u00e9 vous accueille. Libert\u00e9 est localis\u00e9 \u00e0 Marseille. En plein coeur du centre ville. \u00c0 deux pas de la Gare Saint Charles. L\u2019\u00e9tablissement dispose de deux chambres d\u2019h\u00f4tes et d\u2019un petit studio haussmannien priv\u00e9. Suivez-nous sur Instagram :) @chambreliberte Chambres 2 Studio 1 Grande chambre design Chambre spacieuse Petit\u2026","rel":"","context":"Article similaire","img":{"alt_text":"","src":"https:\/\/i1.wp.com\/chambreliberte.com\/wp-content\/uploads\/2021\/08\/SALONNEW2.png?resize=350%2C200&ssl=1","width":350,"height":200},"classes":[]},{"id":312,"url":"https:\/\/chambreliberte.com\/index.php\/conditions-de-letablissement\/","url_meta":{"origin":58,"position":2},"title":"Conditions de l&rsquo;\u00e9tablissement","date":"25 juillet 2021","format":false,"excerpt":"CONDITIONS DE VENTES Paiement par Paypal ou par t\u00e9l\u00e9phone Paiement s\u00e9curis\u00e9 avec Paypal. Par t\u00e9l\u00e9phone 07 60 19 63 24. Enfants Conditions relatives aux enfants Les enfants de moins de 3 ans ne sont pas autoris\u00e9s. Restriction relative \u00e0 l'\u00e2ge Les clients doivent avoir au minimum 18 ans pour pouvoir\u2026","rel":"","context":"Article similaire","img":{"alt_text":"","src":"","width":0,"height":0},"classes":[]},{"id":7,"url":"https:\/\/chambreliberte.com\/index.php\/grande-grande-design\/","url_meta":{"origin":58,"position":3},"title":"Grande chambre design","date":"5 mai 2021","format":false,"excerpt":"Grande chambre design, d\u00e9cor\u00e9e de meubles design, grande salle de bain priv\u00e9e, WC \u00e0 l\u2019ext\u00e9rieur de la chambre. \u00c9quipements de la chambre Salle de bain priv\u00e9e Serviettes Gel douche S\u00e8che cheveux Petit d\u00e9jeuner compris 8:00 - 9:30 Wifi Animaux accept\u00e9s Enfant de moins de 3 ans non-autoris\u00e9 Calme R\u00e9servation R\u00c9SERVER\u2026","rel":"","context":"Article similaire","img":{"alt_text":"","src":"https:\/\/i1.wp.com\/chambreliberte.com\/wp-content\/uploads\/2022\/11\/238374341_966816787450585_1927358297146658852_n.jpg?resize=350%2C200&ssl=1","width":350,"height":200},"classes":[]},{"id":126,"url":"https:\/\/chambreliberte.com\/index.php\/chambre-spacieuse\/","url_meta":{"origin":58,"position":4},"title":"Chambre spacieuse","date":"8 mai 2021","format":false,"excerpt":"Chambre spacieuse, d\u00e9cor\u00e9e de meubles design, salle de bain priv\u00e9e, WC \u00e0 l'ext\u00e9rieur de la chambre. \u00c9quipements de la chambre Salle de bain priv\u00e9e Serviettes Gel douche S\u00e8che cheveux Petit d\u00e9jeuner compris 8:00 - 9:30 Wifi Animaux accept\u00e9s Enfant de moins de 3 ans non-autoris\u00e9 Calme R\u00e9servation R\u00c9SERVER Pour r\u00e9server\u2026","rel":"","context":"Article similaire","img":{"alt_text":"","src":"https:\/\/i0.wp.com\/chambreliberte.com\/wp-content\/uploads\/2022\/11\/237338696_525344645242867_5002310289412174559_n.jpg?resize=350%2C200&ssl=1","width":350,"height":200},"classes":[]}],"_links":{"self":[{"href":"https:\/\/chambreliberte.com\/index.php\/wp-json\/wp\/v2\/pages\/58"}],"collection":[{"href":"https:\/\/chambreliberte.com\/index.php\/wp-json\/wp\/v2\/pages"}],"about":[{"href":"https:\/\/chambreliberte.com\/index.php\/wp-json\/wp\/v2\/types\/page"}],"author":[{"embeddable":true,"href":"https:\/\/chambreliberte.com\/index.php\/wp-json\/wp\/v2\/users\/1"}],"replies":[{"embeddable":true,"href":"https:\/\/chambreliberte.com\/index.php\/wp-json\/wp\/v2\/comments?post=58"}],"version-history":[{"count":38,"href":"https:\/\/chambreliberte.com\/index.php\/wp-json\/wp\/v2\/pages\/58\/revisions"}],"predecessor-version":[{"id":513,"href":"https:\/\/chambreliberte.com\/index.php\/wp-json\/wp\/v2\/pages\/58\/revisions\/513"}],"wp:attachment":[{"href":"https:\/\/chambreliberte.com\/index.php\/wp-json\/wp\/v2\/media?parent=58"}],"curies":[{"name":"wp","href":"https:\/\/api.w.org\/{rel}","templated":true}]}}